?
14
Let y = 27 + -12. Let t = -9 + y. Suppose 4*u + 18 = t*u. What is the highest common factor of u and 63?
9
Let h = 2 - -3. Let l(g) = -g**2 - 8 - 6*g + 4 + 3*g**2. Let w be l(h). Calculate the greatest common factor of w and 64.
16
Suppose g - 16 = 2*c, 2*c = -2*g + 7*g - 40. What is the greatest common divisor of 12 and g?
6
Let b = -198 + 295. Let m be (2 + 0)*(-25)/2. Let o = b + m. What is the highest common factor of o and 9?
9
Suppose 12*o - 825 = 711. What is the highest common divisor of o and 16?
16
Let p be -155 + 1*-2 + 0. Suppose -747 - 528 = 5*c. Let f = p - c. What is the greatest common divisor of f and 14?
14
Suppose -2*q = -p - 3*p - 26, 3*q - 5*p - 40 = 0. Let z(y) = -y + 3*y + q - y. Let r be z(-7). What is the highest common divisor of 32 and r?
8
Let y(o) be the first derivative of -o**2/2 + 10*o - 2. Let v be y(9). Let r = -2 + 3. Calculate the greatest common divisor of r and v.
1
Suppose 5*o - 27 = -3*u, 0*o - 10 = -4*u + 2*o. Suppose -2*d - 13 - u = -r, 4*d = 0. What is the greatest common divisor of r and 34?
17
Let f be 0 + 6/(-3) + 6. Suppose -2 = -f*j + 22. Suppose 0 = -4*b + 16, 2*d - 40 = 3*b - j*b. What is the highest common factor of 21 and d?
7
Let x(s) = s**2 - 3. Let m be x(-3). Suppose 3*o = -b + 28, 3*b + 2*b - 14 = -o. Calculate the greatest common divisor of o and m.
3
Let w be (415/(-15) - (-8)/12)/(-1). Let v be 2/(2/9)*3. What is the highest common divisor of v and w?
27
Suppose 2*m - 2*o - 258 = 0, 275 = 3*m - o - 120. What is the greatest common factor of m and 19?
19
Suppose 2*h + 3*z - 103 = 0, -5*h + 3*z = -46 - 201. What is the greatest common factor of h and 20?
10
Let d be (-3)/((-12)/28) + 1. What is the greatest common factor of d and 20?
4
Let o(g) = g. Let p be o(6). Let c = 8 - p. Suppose t - 5*b - 32 = 0, 3*b = -2*t + c*b + 9. What is the greatest common factor of 56 and t?
7
Let o = 53 - -8. Let q(h) = -2*h**2 + 8*h + 3. Let p be q(6). Let z = p + o. What is the greatest common divisor of 4 and z?
4
Let g(r) = -2*r - 2. Let z be g(-2). Let l be z - (-1 - -1) - 0. Let y be 70/7*6/10. What is the highest common divisor of l and y?
2
Suppose -3*m = 2*m - 320. Calculate the highest common divisor of 16 and m.
16
Suppose -3*h + 2*h = -10. What is the highest common divisor of h and 30?
10
Suppose 4*q - 5*q + 5*w + 14 = 0, 2*w + 24 = 5*q. Let m = 6 + q. Calculate the highest common factor of 4 and m.
2
Let w = 33 + -22. Let s = 5 - 7. Let v be ((-4)/s)/(2/121). What is the highest common factor of v and w?
11
Let x(a) = 19 - a - 4*a**2 - 19. Let s be x(1). Let w = s + 8. Calculate the greatest common divisor of 2 and w.
1
Suppose -3*g + 3 = 0, 37 = 3*d - 2*g + 12. Let j be (-27)/2*(-9 + 3). What is the highest common factor of d and j?
9
Suppose 0 = -3*r - b + 2*b + 68, -5*b = -5*r + 130. What is the greatest common factor of r and 42?
21
Suppose 3*z + 3*h = -0*h + 15, 2*z + 4*h = 6. Suppose 0 = -4*d + p + 27, 5*d - 4*p + 20 = 51. Calculate the highest common divisor of d and z.
7
Let i be (-5 + 0)/(1 - 2). Suppose -4*q - 5*o = 16, -5*q + o + i = -4*q. Let d be (-18)/q*(-4)/8. Calculate the highest common factor of 72 and d.
9
Let f(l) = l**2 + 59. Let u be f(0). Let t = 114 - u. Calculate the highest common divisor of 11 and t.
11
Suppose 0 = -4*g - 5*n + 12, 5*g + 3*n - 2 - 13 = 0. Let u be 2 + 8 - (-1 + g). Calculate the highest common divisor of 32 and u.
8
Let z(y) = 13*y**2 + y - 1. Let k be z(1). Calculate the greatest common divisor of 52 and k.
13
Let r = 181 - 109. Suppose 5*h = 16 + 14. Suppose n - h = 2. What is the highest common factor of n and r?
8
Let q = -22 + 30. Let j(d) = -5*d + 2. Let b be j(-2). Calculate the highest common factor of q and b.
4
Let i(p) = 25*p - 1. Let u be i(-4). Let g = -57 - u. Calculate the highest common divisor of g and 11.
11
Let w(f) = 2*f**2 - 7*f + 3. Let i be w(5). Let t = 16 + -11. Suppose t*p - 2*p = 135. Calculate the highest common divisor of p and i.
9
Let p = -6 - -21. Calculate the greatest common factor of p and 120.
15
Suppose -25 = -5*q - 0. Calculate the highest common factor of 5 and q.
5
Suppose 0*g + 4*g - 72 = 0. Suppose 2 = -4*o + 3*o, -4*o + 72 = 5*j. Suppose x = f + 7, -2*f + j = 2*x - 6*f. What is the greatest common factor of x and g?
6
Suppose 4*t - 126 = 110. Let k = t + 49. Let j = -31 - -43. What is the highest common factor of k and j?
12
Let l = -6 - -14. Suppose 4*f - 1 - 7 = 0. Calculate the highest common divisor of l and f.
2
Let q(z) = 17*z**2 + 2*z + 1. Let l be q(-2). Calculate the greatest common divisor of l and 13.
13
Let o(j) = -j**3 - 2*j**2 - 4. Let c be o(-4). Suppose -3*f = -c + 10. Calculate the greatest common divisor of 6 and f.
6
Let a be 13/((1 + 0)/(0 + 3)). What is the greatest common factor of a and 26?
13
Suppose 2*a + 2*v = -38, -5*a - 5*v = -6*a - 1. Let p be -1 - 1 - (a + 0). What is the highest common divisor of p and 2?
2
Suppose -s + 12 = 3*s. Let u(l) = -49*l + 1. Let b be u(-1). Suppose -z - 4*z = 4*i - 67, -4*z = s*i - b. Calculate the greatest common factor of i and 9.
9
Suppose 0 = -2*f + 4*s + 20, 4*f = -f + 2*s + 34. Let d be 464/f - 2/6. Suppose -35 - 42 = -7*n. What is the greatest common factor of d and n?
11
Suppose 4*a = a. Suppose a = -5*z + 38 + 102. What is the highest common factor of z and 252?
28
Let d be (-1)/2*(-6 + -2). Let y(x) = -5*x - 4. Let u = -7 - -3. Let w be y(u). Calculate the highest common divisor of w and d.
4
Let m(w) = -w**2 - 4*w + 3*w**2 + 5*w + 5 + w**2. Let f be m(-5). Let j be (-178)/(-6) + 2/6. What is the greatest common factor of f and j?
15
Let n be 3/((2/(-10))/(1/(-5))). Calculate the greatest common factor of n and 3.
3
Let s be (-5 - -4)/((-2)/(-118)). Let k = s - -87. Suppose 0*r = 3*r - 12. What is the highest common divisor of k and r?
4
Let f(p) = -p**2 - 3*p + 2. Let l be f(-3). Suppose l*k = 3 + 1. What is the greatest common divisor of 3 and k?
1
Suppose 4*l - 120 = 2*l. Suppose 2*i - 4*i + l = 0. Suppose -4*k = 2*h - 24, 28 - 10 = 4*k - h. What is the highest common divisor of i and k?
5
Let u(z) = 2 - z + 7 - 3. Let i be u(-5). Calculate the greatest common divisor of 99 and i.
11
Let q = -11 + 13. What is the highest common divisor of 2 and q?
2
Let d(r) = r**2 - r. Let w be d(2). Suppose -4*z = -w*t - 262, 0 = -4*z - z + 5*t + 315. What is the highest common divisor of z and 17?
17
Suppose 0 = 5*i - 3*v - 18, -2*i + 16 = 2*v - v. Let s = i - 6. Suppose -4*x - 66 = -c - 4*c, s = x + 4. What is the greatest common divisor of c and 50?
10
Let j be (-2)/(-5) - (-26)/(-65). Suppose 5*v - 83 = 4*w, j*v - w + 58 = 4*v. What is the highest common divisor of v and 10?
5
Suppose -f + 166 = -10. Calculate the greatest common factor of f and 16.
16
Suppose 0 = 2*k + x - 4*x - 50, -26 = -k + 2*x. Let v = 22 - 11. What is the highest common factor of k and v?
11
Let n be (18/(-15))/(3/(-10)). Let x(l) = 0*l + 2*l + l**2 - 3*l + n - 7*l. Let j be x(8). What is the greatest common divisor of j and 4?
4
Let n be (-2)/(-1)*-3 + 1. Let a = -5 - n. Let f be -2 + a - (-6 - 2). Calculate the highest common factor of 48 and f.
6
Let t(b) = -4*b + 4. Let i be t(-7). Suppose -5*x + 52 = 4*f, 7 = 4*x - 5*x + 5*f. Calculate the greatest common factor of x and i.
8
Suppose 16*p - 35 = 11*p. Suppose 13 + p = a. Suppose -4*n + 2*o + 40 = 0, -4*n + 4*o + 0*o = -40. What is the highest common factor of n and a?
10
Suppose 3*z = -0*z + 27. Suppose -2*u + 3*u = 5*t - 47, -123 = 5*u + 3*t. Let w be (u/(-12))/((-1)/(-12)). What is the greatest common divisor of w and z?
9
Let v(c) = c**2 - 2*c - 1. Let f be v(3). Let o(t) = 4*t + 5*t**2 + 2*t**2 + 4 - 5*t**f. Let m be o(-4). Calculate the greatest common divisor of 5 and m.
5
Let g(i) = i**2 - 7*i - 12. Let m be g(9). Suppose 2*a - m = -5*b + 45, -b = -4*a + 3. Calculate the highest common factor of 6 and b.
3
Let c be ((2 + 1)/((-60)/200))/(-2). What is the greatest common divisor of 60 and c?
5
Let u = 23 + -6. Let h = -8 + 12. Suppose -2*t - 4*o = -98, h*t + 0*t = 2*o + 206. Calculate the greatest common factor of t and u.
17
Let w be (3/2)/(2/(-4)). Suppose -54 = -6*n - 66. Let s be n*(-2 + 6/w). Calculate the greatest common factor of 8 and s.
8
Let b = -70 - -108. What is the greatest common factor o